 = 2632 + -2633. Let f(k) = -2*k**2 - k. What is f(b)?
-1
Let p(q) = 2*q - 4. Let t(l) = -3*l**2 - 25*l + 19. Let i(x) = 6*p(x) + t(x). Calculate i(-7).
-61
Let x(a) = -7*a**3 + 6*a**2 + 6*a + 39. Let t(v) = 9*v**3 - 4*v**2 - 7*v - 43. Let k(g) = -4*t(g) - 5*x(g). Determine k(-14).
5
Suppose 0 = t + 5*l - 20, -5*l + 35 + 5 = -3*t. Let u(o) = 3 + 85*o**2 + 5*o + 81*o**2 - 165*o**2. Calculate u(t).
3
Let p(d) = d**2 + 6*d. Let v be 1*(1 - -3)*4. Let n = -14 + v. Suppose -2*s - 8*u - 12 = -3*u, 0 = -n*u. What is p(s)?
0
Let j(m) be the first derivative of m**4/4 - 2*m**3/3 - m**2 + 2*m - 2011. Let t = -5 + -13. Let c be (t/(-3))/(0 + 2). Calculate j(c).
5
Let c(b) = b**2 + 6*b + 3. Let n(y) = -16 + 2*y + 24 - 40 - 4*y. Let k be n(-14). Determine c(k).
-5
Let c(j) = 28362*j**2 + j**3 + 2*j + 0*j - 28360*j**2. Let r be (-4)/((-4)/32*-2). Let q = 13 + r. Calculate c(q).
-15
Let x be (-1)/(5 - 63/12). Let s be 1 - -2*x/(-8). Let u(d) = d - 2 + 2*d - 2*d**2 + s*d**2 + 0*d**2. Give u(3).
-11
Let y(x) = -498599*x - 2 + 498604*x - x**2 + 13. Calculate y(6).
5
Let n(c) be the second derivative of -6*c**2 - 3/8*c**4 + 0 - 18*c - 1/60*c**5 - 5/6*c**3. Let u(f) be the first derivative of n(f). Calculate u(-7).
9
Let r be 147/42*(-1)/(1/4). Let k(f) = -f**3 - 16*f**2 - 26*f + 32. Calculate k(r).
4
Let b(k) = -k + 6. Suppose 2*l - 2*i - 12 = 0, 2*l + i = -i - 8. Let w be (l + -3)/((-12)/(-9) + -2). Suppose 6*o - w*o = 0. Give b(o).
6
Let i be 3*(-4)/3*(-442)/104. Let b(m) = 5*m - 113. Calculate b(i).
-28
Let u(a) be the second derivative of a**4/12 - 11*a**3/6 + 12*a**2 + 284*a + 1. What is u(7)?
-4
Let v be (2 - 11)/((-6)/4). Let q(s) be the first derivative of 5*s**2/2 - 2*s - 45733. Determine q(v).
28
Let i(c) = -1 + 1183*c + 1181*c + 10*c**2 - 2366*c. Determine i(2).
35
Let l(y) = -71*y - 698. Let g(d) = 14*d + 131. Let o(z) = 11*g(z) + 2*l(z). Give o(-5).
-15
Let m(i) = -3*i**2 - 5*i + 2. Let w(g) = -4*g**2 - 4*g + 7. Let d(u) = 3*m(u) - 2*w(u). Let s(c) = -c**2 + 5*c + 8. Let o be s(7). Determine d(o).
-2
Let n(x) = 1821*x + 30968. Let o be n(-17). Let i(h) = 2*h**2 - 19*h + 13. Let v(b) = b**2 - 10*b + 7. Let u(f) = -2*i(f) + 5*v(f). Give u(o).
-2
Let z(r) = -r**3 + 2*r. Suppose 2 + 36 = 2*c. Let b = c - -17. Let o = -38 + b. Give z(o).
4
Suppose 0 = -2*g + 1 - 3. Let v be (((-30)/4)/(-3))/(g/(-4)). Let z(s) = 4*s + 4 - v*s + 3*s. Determine z(-3).
13
Let v(p) = -648*p**3 + 8*p - 652*p**3 + 11 + 37 + 5*p**2 + 1301*p**3. What is v(-5)?
8
Let q(b) be the first derivative of 17*b**2/2 - 92*b + 64. Let u be q(5). Let o(v) = -6*v - 8. Give o(u).
34
Let c = -11 - -14. Let r(s) = -1 - 1126*s**3 - s**2 + 1125*s**c + 2*s - s. Determine r(-2).
1
Let c(t) = 125 - 28 - 90 + 25*t. Calculate c(-3).
-68
Let a(r) = -2*r**2 - 5*r + 4. Let x(n) = -3*n**2 - 53*n + 69. Let z be x(-19). Give a(z).
-59
Let d(p) = -4502*p - 22 + 4503*p + 10 + 22. Calculate d(-1).
9
Let i(a) = 2*a**2 - 3*a + 11. Suppose -x = -3*m + 8, -8 = -235*m + 236*m + 5*x. Give i(m).
13
Let v(q) = -10*q - 13 + 17 - 4 - 1. Suppose 0 = -3*n - 3*j - 2*j - 3, 1 = -n + 4*j. What is v(n)?
9
Let z = -4 - -10. Let d(l) be the third derivative of l**6/120 - l**5/12 - 3*l**4/8 + 3*l**3/2 - 2*l**2 - 74*l - 3. What is d(z)?
-9
Let c(r) be the first derivative of -r**4/4 - 10*r**3/3 - 15*r**2/2 + 31*r - 1452. Give c(-8).
23
Let y(w) = -13*w**2 - 11*w - 9. Let g(s) be the third derivative of s**5/30 + s**4/24 + s**3/3 - 108*s**2. Let i(q) = 6*g(q) + y(q). Calculate i(-8).
-21
Let s(a) = 21*a**2 - 10*a + 0*a**3 + 3*a**3 - 4*a**3 - 13*a**2 - 2*a**3 - 13 + 4*a**3. Let h = 10 + -19. Determine s(h).
-4
Suppose -18 + 10 = -2*s. Let b(x) = 10733 - s*x - 10733. Let f be (-2)/3*6/(-1). What is b(f)?
-16
Suppose -28*h = -114 - 82. Let a(n) = n**3 - 7*n**2 + 3*n - 22. Give a(h).
-1
Let r(z) be the first derivative of -z**4/4 + 7*z**3/3 + 5*z**2/2 - 65*z + 7816. What is r(6)?
1
Let h = -23741 + 71225/3. Let w(n) be the third derivative of 0 - 1/60*n**5 + 0*n + h*n**3 + 1/24*n**4 - 32*n**2. Give w(-4).
-16
Let i(m) = 14*m**2 - 1. Let g = -7 - 12. Let q = -44 - g. Let b = q - -26. What is i(b)?
13
Let v(g) = g**3 + 8*g**2 + 7*g + 1. Let n be v(-7). Let x(m) = -n - 2*m**2 + 2*m - m**3 - 3 + 8. Give x(3).
-35
Let a(m) = m**2 - 6*m - 18. Let j be a(8). Let f(r) be the second derivative of -11*r**3/6 + r**2/2 + 64*r. Calculate f(j).
23
Suppose 13*a = 6*a + 42. Let g(r) be the first derivative of -r**4/4 + 7*r**3/3 - 4*r**2 + 7*r - 86. Calculate g(a).
-5
Let q(l) be the third derivative of -11*l**4/4 - 193*l**3/6 - 7*l**2 - 324*l. Determine q(-3).
5
Let z(q) = 2*q**2 - 2*q + 2. Suppose -2*y - 3*u + 192 = -26, -3*y + 5*u + 346 = 0. Let a be (2/4)/(4/y) - 0. Suppose 0 = 7*p - a*p + 21. Calculate z(p).
14
Let p(l) be the first derivative of -31*l**2 - 185*l - 4175. What is p(-3)?
1
Let n(d) = -105 + 565*d - 280*d - 263*d. Give n(5).
5
Let h(j) be the second derivative of 2 - 1/20*j**5 - j**3 - 9/2*j**2 - 1/2*j**4 + 19*j. What is h(-5)?
-4
Let v(n) = 4*n**2 + n - 1. Let s be 4/(1 - 6/4). Let l be 22/8 - (2 + 18/s). Let m be l + 10/4*16/(-20). Give v(m).
4
Suppose n - 5*c = -15, -4*c = n + 2*n - 31. Let q(h) = -51033*h + 12758*h - 4*h**3 + 12759*h + 6*h**2 + 12755*h + 12755*h + 3*h**3. Calculate q(n).
-5
Suppose a - 10 = 2. Let c(y) = 29*y - 60*y + 22*y - 13 - y**3 + a*y**2. Calculate c(11).
9
Let n(z) = -99*z**2 + 1 - 93*z**2 + 191*z**2 - 2*z. Let q = -1 + 1. Suppose q = -5*t + 4*p - 3, -t - 5*p = -4*p + 6. Calculate n(t).
-2
Let f(x) = -9*x + 354. Let w(a) = -22*a + 797. Let k(u) = 9*f(u) - 4*w(u). Let s(r) = -r - 1. Let b be s(-2). What is k(b)?
5
Let c = -45 - -48. Let r be (1/c)/(11/66). Let m(i) = 2*i + 0*i - i - r + 8. What is m(-6)?
0
Suppose -2*m = -2*q - 4, -84 + 60 = 2*q + 3*m. Let t(f) = -f**2 + 18. Determine t(q).
-18
Let z(c) be the second derivative of c**5/4 - 5*c**3/6 - 3*c**2 - 11*c + 98. What is z(-2)?
-36
Suppose 0 = -5*u + 7*u - 14. Let a(y) = -2*y**3 + 13*y**2 + 9*y - 21. Calculate a(u).
-7
Let v(w) = -41*w. Let f(p) = 19*p. Let g(i) = -i**3 - 3*i**2 + 3*i + 9. Let h be g(-4). Let l(q) = h*f(q) + 6*v(q). Let d be (-1 - 4*2) + 0. What is l(d)?
-9
Let b(a) = a - 1. Let d be (-70)/6 + (-4)/(-6). Let o(n) = -5 - 88*n + 42*n + 47*n + 13. Let w be o(d). Calculate b(w).
-4
Let j(s) = -83*s**3 - 10*s**2 + 25*s - 27. Let g(z) = -52*z**3 - 7*z**2 + 16*z - 18. Let p(v) = -8*g(v) + 5*j(v). Determine p(0).
9
Let m(n) be the third derivative of -n**4/6 + 5*n**3/2 - 621*n**2 - n. Give m(4).
-1
Let o be ((-6)/(-12))/(1/(-2)). Let u(q) be the second derivative of q**3/6 - 55*q + 2. Let b(f) = -f**2 + 3*f - 1. Let x(j) = o*b(j) + 6*u(j). Give x(-2).
-1
Let r(d) be the second derivative of -9*d**5/10 - d**4/6 - d**3/3 - 35*d + 8. Calculate r(-1).
18
Let h(n) = -7*n + 3*n**2 + n - 8*n**2 + 6979 - 6964. Let d(k) = 3*k**2 + 3*k - 8. Let z(w) = 7*d(w) + 4*h(w). What is z(5)?
14
Let m(d) = -4 + d + 3 + 4. Let g(h) = 2*h**3 + 19*h**2 + 7*h - 16. Let i be g(-9). Suppose 0 = -5*l + 5*c - 43 + 13, -i*l + 3*c = 13. Give m(l).
-2
Let l(a) = -a**3 - 10*a**2 - 10*a - 7. Let o be 35/14*(-8)/(-10). Suppose 1 + 7 = o*z. Suppose -4*m = b + 33, -z*b + 39 = -3*m - 0*b. Calculate l(m).
2
Let o(i) = -2. Let k(c) = 9*c - 17. Let w(y) = k(y) - 5*o(y). Let n = -1 - -6. What is w(n)?
38
Let n(g) = -318*g + 1907. Let r be n(6). Let f(h) = -20*h + 1. What is f(r)?
21
Let d(u) = 4 + 1 + 4 - u**2. Let w be 77/(7/1) - (4 - -11). Give d(w).
-7
Let t(r) = 319*r - 162*r - 168*r. Suppose -12 = -6*u + 6. Let c(g) = -1. Let k(v) = u*c(v) - t(v). Give k(2).
19
Suppose -4*m + 2*h = -h + 14, 0 = 2*m + 4*h + 18. Let d(y) be the first derivative of -y**4/4 - 5*y**3/3 + y**2 + 5*y + 1621. What is d(m)?
-5
Let m(z) be the third derivative of -3*z**5/20 - z**4/8 + z**3/6 + 3*z**2 - 3*z + 181. Determine m(-2).
-29
Let h(k) = 3*k**3 + 2*k**2 - 2*k + 1. Suppose 0 = -33*v - 42*v + 150. Calculate h(v).
29
Let a(j) = -912*j + 482*j + 467*j + 58 - 16. What is a(-1)?
5
Let v(q) = 8*q**2 + 5*q**2 + q - 13*q + 5 - 2*q - q**3. Let i(o) = 98*o - 86. Let j be i(1). Give v(j).
-19
Let z(p) = -19*p + 290. Suppose 1104*r + 375 = 1129*r. Determine z(r).
5
Let j be (1848/(-252))/((-4)/(-12)). Let y(g) = g**3 + 23*g**2 + 19*g - 63. Calculate y(j).
3
Let z(g) = g + 4. Suppose -s + 66 = 5*q, -q + 1 